
False
Does 16 divide 3575271?
False
Is 14 a factor of 278323542?
True
Is 12 a factor of 164551777?
False
Is 498 a factor of 410802690?
True
Is 912699 a multiple of 560?
False
Is 41 a factor of 269342571?
True
Is 162 a factor of 28204552?
False
Does 518 divide 292101754?
True
Is 209515910 a multiple of 70?
False
Is 607 a factor of 18284661?
True
Does 55 divide 66915583?
False
Does 162 divide 2471723045?
False
Does 548 divide 80644855?
False
Does 6 divide 172135492?
False
Is 7095339 a multiple of 207?
True
Is 129 a factor of 27753576?
True
Does 283 divide 93492446?
True
Is 37 a factor of 77746842?
True
Does 14 divide 47758061?
False
Is 87841116 a multiple of 8?
False
Does 200 divide 120188443?
False
Is 356 a factor of 7805659?
False
Is 514481680 a multiple of 107?
True
Is 22539130 a multiple of 19?
True
Does 16 divide 879240771?
False
Is 280 a factor of 6310511?
False
Is 25 a factor of 25662185?
False
Is 3 a factor of 966149846?
False
Does 312 divide 1010675952?
True
Is 718648968 a multiple of 201?
True
Does 6 divide 7522487?
False
Does 15 divide 33224894?
False
Is 2315 a factor of 196425146?
False
Is 14985036 a multiple of 33?
True
Is 20 a factor of 188668336?
False
Is 27 a factor of 58224623?
False
Is 17552844 a multiple of 453?
True
Does 637 divide 700779145?
False
Is 536145 a multiple of 24?
False
Is 22715427 a multiple of 15?
False
Is 38044686 a multiple of 687?
True
Is 20 a factor of 29391200?
True
Does 27 divide 4009507695?
True
Does 9 divide 2575116?
True
Is 64759170 a multiple of 21?
True
Is 135 a factor of 27297405?
True
Is 355 a factor of 45529320?
False
Is 1705248 a multiple of 36?
True
Is 31781492 a multiple of 1591?
False
Does 40 divide 17590000?
True
Is 116669015 a multiple of 17?
False
Is 3348 a factor of 160542168?
False
Is 7 a factor of 537204542?
True
Is 1844541558 a multiple of 54?
True
Is 146 a factor of 129349080?
False
Is 21272800 a multiple of 50?
True
Does 35 divide 44455845?
True
Is 25692072 a multiple of 98?
True
Is 672 a factor of 97159776?
True
Is 182 a factor of 1967120?
False
Does 6583 divide 594089418?
True
Is 32 a factor of 29940512?
True
Is 2218380416 a multiple of 11818?
True
Is 1070490951 a multiple of 103?
False
Does 152 divide 964440?
True
Is 196 a factor of 205419172?
True
Is 11087 a factor of 601303445?
True
Does 170 divide 33417410?
True
Is 346 a factor of 114059938?
True
Is 203 a factor of 17814152?
False
Is 489515024 a multiple of 26?
False
Does 340 divide 250117600?
True
Does 5281 divide 238886035?
True
Is 5293148 a multiple of 4?
True
Does 4 divide 62984696?
True
Is 166303959 a multiple of 15?
False
Does 5 divide 420063595?
True
Is 6553687 a multiple of 27?
False
Does 4 divide 21189?
False
Does 9 divide 188311266?
True
Does 1073 divide 11761153?
True
Does 7 divide 42953750?
True
Is 20 a factor of 177853180?
True
Is 274007171 a multiple of 1129?
True
Is 4126748518 a multiple of 14584?
False
Is 1183 a factor of 13237809?
False
Is 7511890 a multiple of 2?
True
Is 8 a factor of 19086533?
False
Is 6784228 a multiple of 15?
False
Does 389 divide 100870423?
True
Does 3 divide 44708036?
False
Is 435105042 a multiple of 459?
False
Is 6 a factor of 16425906?
True
Does 29 divide 72334497?
True
Is 2 a factor of 477560344?
True
Is 535972636 a multiple of 431?
True
Is 1480526789 a multiple of 5396?
False
Is 63281289 a multiple of 1077?
True
Is 42 a factor of 8089284?
True
Does 5 divide 61344310?
True
Does 1526 divide 48320790?
True
Does 14 divide 10580136?
True
Is 13966861 a multiple of 124?
False
Is 79299108 a multiple of 126?
True
Is 10 a factor of 283485310?
True
Does 27 divide 140031666?
True
Does 36 divide 113669697?
False
Is 282 a factor of 64372422?
True
Does 33 divide 20777823?
True
Does 723 divide 200294592?
False
Does 805 divide 881058815?
True
Is 305 a factor of 106846362?
False
Is 40685028 a multiple of 29?
True
Is 692552826 a multiple of 165?
False
Does 5 divide 6155411?
False
Does 438 divide 389412660?
True
Does 4716 divide 121965192?
True
Is 37779458 a multiple of 7?
False
Is 70357726 a multiple of 9?
False
Is 212 a factor of 19701844?
False
Is 44418901 a multiple of 554?
False
Does 4 divide 10503316?
True
Does 13 divide 1137235294?
True
Is 3415835248 a multiple of 548?
True
Does 607 divide 411780909?
True
Is 59287467 a multiple of 498?
False
Does 98 divide 46666375?
False
Is 157 a factor of 2301174591?
True
Is 138797640 a multiple of 8?
True
Is 1181115 a multiple of 39?
True
Is 16813388 a multiple of 58?
True
Is 6 a factor of 1178573422?
False
Is 7478329 a multiple of 563?
True
Is 157 a factor of 223384073?
False
Is 836953719 a multiple of 48?
False
Does 49 divide 57195985?
True
Is 3066 a factor of 63285306?
True
Is 41318001 a multiple of 12?
False
Is 2152359 even?
False
Does 17 divide 85521137?
False
Is 150 a factor of 30459000?
True
Is 106911332 a multiple of 869?
True
Is 23 a factor of 118970766?
True
Is 196 a factor of 312857944?
True
Does 1538 divide 184335452?
True
Is 1877821326 a multiple of 51?
True
Does 278 divide 145745948?
True
Is 1541 a factor of 57508991?
False
Does 44 divide 45324891?
False
Is 231016884 a multiple of 3?
True
Is 2402745768 a multiple of 5022?
True
Is 1602 a factor of 735099256?
False
Does 62 divide 48602554?
False
Is 209838744 a multiple of 36?
True
Is 81 a factor of 267630725?
False
Is 185 a factor of 1256073410?
True
Does 155 divide 96859459?
False
Does 6 divide 20045304?
True
Is 27 a factor of 23202774?
True
Does 2133 divide 15067512?
True
Is 528829983 a multiple of 99?
True
Is 127 a factor of 840322378?
False
Is 128 a factor of 302951424?
True
Is 9 a factor of 236406672?
True
Does 260 divide 593795208?
False
Does 1213 divide 170908968?
False
Is 696650240 a multiple of 1408?
True
Is 1890350735 a multiple of 3?
False
Is 18689919 a multiple of 20?
False
Is 10 a factor of 2828640?
True
Is 28 a factor of 604696254?
False
Is 174 a factor of 2681088246?
False
Is 1059 a factor of 154054848?
True
Is 50 a factor of 795768400?
True
Is 44 a factor of 8069446?
False
Is 1311461480 a multiple of 70?
True
Is 5 a factor of 1886635108?
False
Does 6982 divide 1088759284?
False
Is 601 a factor of 465693264?
True
Is 40931136 a multiple of 18?
True
Is 22 a factor of 13831977?
False
Is 67801414 a multiple of 8?
False
Does 2 divide 58601474?
True
Is 313 a factor of 1319295?
True
Is 685 a factor of 39313520?
True
Is 1240 a factor of 134263628?
False
Is 35157333 a multiple of 921?
True
Does 92 divide 391393102?
False
Does 11 divide 114723732?
False
Is 35 a factor of 767388685?
True
Is 1636642975 a multiple of 20?
False
Is 2484 a factor of 272289569?
False
Does 390 divide 28893540?
True
Does 707 divide 27184150?
True
Does 16 divide 31245104?
True
Is 458443564 a multiple of 49?
False
Does 3562 divide 25072766?
False
Does 26 divide 448966466?
True
Does 35 divide 4165144?
False
Is 3572903012 a multiple of 2582?
False
Does 17 divide 157046783?
False
Does 25 divide 3538720325?
True
Does 2279 divide 2623290648?
False
Is 29 a factor of 17309694?
True
Is 23721234 a multiple of 874?
True
Does 682 divide 3314762110?
True
Is 13 a factor of 60578798?
False
Does 6 divide 210248683?
False
Does 78 divide 26764513?
False
Is 30 a factor of 10546140?
True
Is 783 a factor of 52212132?
False
Is 79 a factor of 6649392344?
False
Is 73311854 a multiple of 4781?
True
Is 20206227 a multiple of 383?
False
Is 39 a factor of 15584283?
True
Is 33 a factor of 4000902303?
False
Does 1417 divide 153146526?
True
Does 31 divide 118389842?
False
Does 20 divide 281133060?
True
Is 204396106 a multiple of 16?
False
Is 173 a factor of 1377284486?
True
Is 5 a factor of 8552105?
True
Is 1190924670 a multiple of 78?
True
Is 374 a factor of 15691290?
False
Does 133 divide 675781900?
False
Is 65 a factor of 7293248?
False
Is 2626705091 a multiple of 6319?
False
Is 1708349088 a multiple of 1896?
True
Is 10 a factor of 184965730?
True
Does 37 divide 94771652?
True
Is 426492 a multiple of 54?
True
Does 443 divide 161856754?
False
Is 17 a factor of 2134173846?
True
Does 51 divide 14948661?
True
Does 14 divide 11149570?
False
Does 43 divide 211804530?
False
Is 165 a factor of 4265984745?
True
Does 414 divide 229704209?
False
Does 18 divide 199292922?
True
Is 583554258 a multiple of 399?
True
Does 27 divide 124889815?
False
Does 83 div